 the greatest common factor of 5 and d?
5
Suppose 2*a - 3 = -y, -a + 3 - 4 = y. Suppose 226 = 5*b - 5*r + r, 0 = 3*b - a*r - 134. Calculate the greatest common factor of b and 23.
23
Let t = -10 - -20. What is the highest common factor of t and 10?
10
Suppose -306 = -16*o + 13*o. What is the greatest common divisor of o and 68?
34
Suppose -12*n - 4*h + 164 = -10*n, -15 = 3*h. Calculate the greatest common factor of 4 and n.
4
Let v = 23 + -15. Calculate the greatest common divisor of v and 32.
8
Let b be (18/15)/(2/(-30)). Let y = -10 - b. Suppose -q + 0*q + z + 1 = 0, 3*z = 0. What is the greatest common divisor of q and y?
1
Let d = 155 - 78. Suppose 4*u - 308 = -2*r, u + 5*r - d = r. Let f = -18 - -29. What is the highest common divisor of u and f?
11
Let n = -67 - -96. Suppose 22 = 2*r + 4*t, 2*r + n = 5*t + 6. Calculate the greatest common divisor of 4 and r.
1
Let x = -48 + 68. Calculate the greatest common factor of x and 140.
20
Suppose -4*n + t + 2*t + 23 = 0, -2*n + t + 9 = 0. Let w = 6 + 14. Suppose d - w = -d. Calculate the greatest common factor of n and d.
2
Let o = -5 - -16. Let b = o - 3. What is the greatest common factor of 64 and b?
8
Let b be (2/(-3))/((-4)/42). Suppose -4*o = -2*o - 56. What is the greatest common factor of o and b?
7
Let t = 54 - 26. Suppose -2*d - 2*d = -t. Calculate the greatest common factor of 7 and d.
7
Let u be ((-8)/(-12))/((-2)/69). Let p = 39 + u. Calculate the greatest common divisor of 4 and p.
4
Let x(m) = m**3 + 6*m**2 + 4*m. Let r be x(-5). Suppose 4*y = -r + 97. What is the greatest common divisor of y and 92?
23
Let o = 56 - 29. What is the greatest common factor of o and 9?
9
Let r(o) = 5*o + 1. Let c be r(2). Suppose c*j = 6*j + 120. Calculate the highest common factor of j and 16.
8
Suppose -4*i + 10 = -5*i. Let x be 1*i/(1 - 2). Calculate the highest common divisor of x and 40.
10
Suppose 0 = 5*r + 4*t - 122, 5*t + 17 = -4*r + 120. What is the highest common factor of 88 and r?
22
Suppose 8*v = v + 252. Suppose -6 = 3*w - v. Calculate the greatest common factor of w and 100.
10
Let r be 34/(-8) + 2/8. Let n(s) be the first derivative of -s**2/2 - 2*s + 2. Let z be n(r). Calculate the greatest common factor of 6 and z.
2
Let c(j) = -j**2 - 6*j + 4. Suppose -2*f - 1 + 13 = 0. Let l be 4/(-6) - 32/f. Let i be c(l). Calculate the greatest common factor of 8 and i.
4
Suppose 5*v - 25 = v + 3*o, -4*o = 3*v. Suppose -4*m + 5*m - 58 = -2*l, -v*m + 2*l + 272 = 0. Calculate the highest common factor of m and 6.
6
Let a(k) = k**3 + k**2 + 3*k + 2. Let g be a(-2). Let i be g/(-3)*9/2. Let o be 1 - (6 - 4) - -5. Calculate the greatest common factor of i and o.
4
Suppose -5 - 1 = -l. Let i = 7 + -3. What is the greatest common factor of l and i?
2
Let k = -10 - -12. Calculate the highest common divisor of 5 and k.
1
Suppose 2*n + 0 = 8. Let j be (-1 + 0)*(-4 - 0). Calculate the highest common factor of j and n.
4
Suppose -w = -2*i - 22, 2*w + 4*i - 28 = -2*w. What is the greatest common divisor of w and 84?
12
Suppose 4*k + 1 = 5*k. Suppose 0 = d - 2*d + 2. Let u be (16/d - -3) + -1. What is the highest common divisor of k and u?
1
Let c be -3*(-5)/3 - -150. Calculate the greatest common factor of 31 and c.
31
Suppose f + 5*v + 75 = 0, -2*f + v - 166 = 3*v. Let t = f - -151. Suppose 11 = -g + t. What is the highest common factor of g and 5?
5
Let a = -43 + 74. What is the greatest common divisor of a and 217?
31
Let o(z) = -z**2 + 7*z + 2. Let i(d) = -d**2 + 12*d - 5. Let q be i(11). Let j be o(q). Calculate the greatest common divisor of j and 20.
4
Let n(q) = -q**3 + q + 7. Let y be n(0). Calculate the greatest common factor of 35 and y.
7
Let h = -65 + 130. Suppose -2*x + k + 69 = 0, -2*x - h = -4*x + 5*k. Suppose 3*d = 4*d - x. What is the highest common divisor of 14 and d?
7
Suppose 4*w = 2*j + 4 + 2, 12 = 5*j - w. Let k = 43 - 19. What is the greatest common divisor of j and k?
3
Suppose -4*i = -8 - 4. Let v = i - 3. Suppose 3*b + 3*m - 6 = v, -2*b - m = -0*b - 8. What is the greatest common factor of 15 and b?
3
Suppose 4*s + 0*s = 8. Let z be 0 + s + (3 - 1). Suppose y + 21 = z*y. What is the highest common factor of y and 7?
7
Suppose 0 = -4*r + 12 - 4. Suppose -z + r + 8 = 0. Calculate the highest common divisor of 20 and z.
10
Let w(o) = 11*o + 3. Let h be w(7). Let z(g) = -g**3 + 7*g**2 - 3*g - 8. Let a be z(6). Calculate the greatest common divisor of h and a.
10
Let d(p) = p**3 - 6*p**2 - 4*p - 4. Let l be d(5). Let r be (l - (0 - 3))*-1. What is the greatest common divisor of r and 23?
23
Let m(s) = 2*s**2 + 4*s - 2. Let k be m(-4). Let b = -63 + 105. What is the highest common divisor of k and b?
14
Let v(o) = -o**2 - 6*o - 6. Let c be v(-4). Suppose -10 - c = -2*f. What is the highest common divisor of 42 and f?
6
Let r be (-9)/2*(-8)/12. Suppose r*q = 64 + 152. Suppose -2*o + 11 = -7. Calculate the greatest common divisor of q and o.
9
Let k = 65 + -37. What is the highest common divisor of 196 and k?
28
Suppose -88 = -z - 5*p, -3*p + p = -2*z + 152. What is the highest common divisor of z and 52?
26
Let o be (-4 - -5) + (0 - 0). Let y(c) = 8*c - 1. Let t be y(o). Calculate the highest common factor of 63 and t.
7
Let l be 6 - (-4 - -3)/1. Let x(h) = h**3 - 6*h**2 - 2*h - 6. Let k be x(l). Calculate the highest common factor of 203 and k.
29
Let f = 4 - 3. Let j = 2 - f. Suppose -3*r = 2*r - 45. What is the greatest common divisor of r and j?
1
Suppose 0 = -d + 2*x + 1, 8*d - 5*d - 3 = 3*x. Let n be d*33 - (7 + -10). What is the highest common factor of n and 9?
9
Let z(q) = 10*q - 48. Let k be z(6). Calculate the greatest common divisor of 60 and k.
12
Let h = 25 - 17. What is the highest common divisor of 40 and h?
8
Let l(f) = 2*f**2 + 8*f + 6. Let h be l(-5). Let n = h + 33. What is the highest common divisor of 7 and n?
7
Suppose -k + 3 = 1. Suppose 5*v - 54 = 2*v. Calculate the greatest common factor of k and v.
2
Suppose -471 = -3*d + 3*x, 3*d + x = -3*x + 492. Calculate the highest common divisor of 64 and d.
32
Suppose 35 = -n + 151. Calculate the greatest common divisor of n and 29.
29
Let f(h) = 23*h + 9. Suppose v - 4*b = -9, 3*v - v = -3*b + 15. Let p be f(v). What is the greatest common divisor of p and 52?
26
Let t = 53 + -31. What is the greatest common divisor of t and 22?
22
Suppose -15 = o - 75. What is the greatest common divisor of o and 10?
10
Let k = 94 - 48. Calculate the greatest common divisor of 69 and k.
23
Let y = -3 - -8. Suppose 0 = -y*v + 3*t + 61, -4*v - t - 13 = -5*v. Calculate the greatest common factor of 11 and v.
11
Suppose -2*x + 0*x - 3*l + 22 = 0, -2*x = -2*l - 2. Suppose -2*w + a = -a - 28, -58 = -3*w - x*a. What is the greatest common divisor of 8 and w?
8
Let j be (-42)/(-9) + (-1)/(-3). What is the highest common factor of 10 and j?
5
Let a(n) = 7*n - 2. Let c be a(-5). Let h = -22 - c. Suppose 3*t - 30 = -0*t. What is the greatest common factor of t and h?
5
Suppose 4*o - 97 = v - 30, -4*o - 3*v + 87 = 0. Let j be 990/(-25)*(-4 - (1 + 0)). Calculate the highest common divisor of j and o.
18
Suppose -9*b = -616 - 464. Calculate the highest common factor of b and 48.
24
Let x(s) = -7*s + 13. Let g be x(-6). Suppose 2*b + 3*y + 2*y = g, 2*y = -4*b + 86. Calculate the greatest common factor of 5 and b.
5
Let m(i) = i**3 - i**2 + 34. Let o be m(0). Suppose -5*u + 5*l + 35 = -45, 2*u - 37 = -3*l. Suppose f - u = -0*f. What is the highest common divisor of f and o?
17
Suppose 4*q - 5*q + 25 = 2*y, 2*q = y - 20. Calculate the greatest common divisor of 7 and y.
7
Suppose p = 117 + 108. What is the greatest common divisor of p and 45?
45
Let l = -1 + 17. What is the highest common divisor of 8 and l?
8
Let a(s) = -3*s + 5. Let l be a(-8). Let f = l + -12. Calculate the highest common factor of f and 119.
17
Let u(z) = -z**2 + 18*z - 12. Let l be u(17). What is the greatest common factor of l and 40?
5
Let a be (-123 - 2) + 2/(-1). Let w = 199 + a. Let s(g) = -g**3 + 4*g**2 - g + 3. Let z be s(3). Calculate the highest common divisor of w and z.
9
Let o be 0 + -30*(-3)/6. Let x be (o/(-2))/((-5)/110). Suppose 0*i + x = i. What is the greatest common factor of 15 and i?
15
Suppose -4*l + 3*l = -3. Let o = 0 - -8. Let z = o + -2. What is the 